 Let o be z(16). Give x(o).
-13
Let c(m) = -10*m**3 - 4*m**2 + 6*m - 1. Let n = -1127 + 1128. What is c(n)?
-9
Let p(t) = 33 + t - 35 + 0*t. Suppose -144 = 4*b - 10*b. Suppose b*k = 14*k. What is p(k)?
-2
Let t = 7799 - 7793. Let c(v) be the third derivative of -v**4/24 + 2*v**3/3 - 3*v**2. Give c(t).
-2
Let q(z) = -z**3 + 12*z**2 - z + 6. Suppose -4*n + 64 = 5*x - x, -4*n = 3*x - 52. What is q(x)?
-6
Suppose 2*v + 2 = 2*h - 4, 5*h = 25. Let j(f) = -6*f**2 - 10*f**2 + 15*f**2 + 0*f**v. Give j(-1).
-1
Let l(t) = 27*t**3 - 1. Let x(v) = -13*v - 1. Let c be x(-11). Suppose -7*r = 135 - c. What is l(r)?
26
Suppose u = 3 - 2. Let c(i) be the first derivative of 2*i**4 + i**3/3 + i**2/2 - i - 142. Give c(u).
9
Let f(d) = 21*d - 419. Let b be f(20). Let c(n) = -2*n + 4 + b - 3 - 8 - 1. Determine c(3).
-13
Let s(w) = w**2 - 16*w - 27. Let d be s(14). Let v = 14 + 39. Let b = v + d. Let o(q) = -q + 1. Give o(b).
3
Let n be 1 - (-3 - -2)*2. Let p(k) = -n*k**3 + 15*k**2 + 4*k**3 - 6 - 7*k**2. Suppose 706*s = 245*s - 3688. Calculate p(s).
-6
Let n(q) = 0*q**2 + 212*q + 136 + 207*q - 395*q + 3*q**2 - 2*q**2. Calculate n(-9).
1
Let v(q) = q**3 - 2*q**2 - 6*q + 2. Suppose -26*n - 16 = -27*n. Let w = -11 + n. Suppose 0 = w*s + 2*c - 12, 4*s + s = -5*c. Calculate v(s).
10
Let a(s) = -1132*s + 42. Let b(x) = 523*x - 20. Let z(q) = -6*a(q) - 13*b(q). Determine z(-3).
29
Let r(b) = 9*b**3 + 13*b**2 - 13. Let d(k) = 20*k**3 + 25*k**2 - 27. Let c(p) = 5*d(p) - 11*r(p). What is c(18)?
8
Let z(i) = i**3 - 5*i**2 - 8*i + 11. Suppose 0 = -2*n - 0*n + 26. Suppose -5*b + 3*s + n + 8 = 0, -s - 21 = -4*b. What is z(b)?
-1
Suppose -a - 2*t = 2*a - 32, 0 = -2*a - 5*t + 47. Let i(u) = u**3 - 7*u**2 + u + 2. Calculate i(a).
-28
Let d(j) = 13*j + 9954 + j**2 - 9974 + 15*j**2 + j**3. Give d(-15).
10
Let q(p) = 41*p - 333. Let t(w) = 8*w - 65. Let k(i) = -2*q(i) + 11*t(i). Give k(9).
5
Let v be (25/(-20))/(2/8). Let h(u) = u**3 + 8*u**2 - 3*u + 7. Let q(b) = 7 - b + b**2 + 5 - 11. Let j(w) = v*q(w) + h(w). Calculate j(-3).
-4
Let w(s) be the second derivative of -5/2*s**3 - 11*s - 15*s**2 + 3 - 1/12*s**4. Give w(-13).
-4
Let p(v) = 24*v**3 - 2*v**2 - 6*v + 35. Let k(j) = 5*j**3 - j + 1. Let y(a) = 5*k(a) - p(a). Give y(0).
-30
Let x(s) be the third derivative of -s**6/120 + s**5/10 + s**4/12 - 3*s**3/2 - s**2. Let d be ((-4)/5)/(5/(-25)). Let k be d/3*135/30. Calculate x(k).
3
Let j be (-25)/((-12650)/968) + -1 + 100/92. Let b(s) = 3*s**3 - 4*s**2 + 3*s. Let r(a) = -4*a**3 + 5*a**2 - 3*a - 1. Let y(m) = -3*b(m) - 2*r(m). Give y(j).
-4
Suppose -17 = -18*x - 6*x + 7*x. Let j(b) = -35*b**2 + 2*b - 2. What is j(x)?
-35
Let x(i) = 76*i - 607. Let z be x(8). Let y(u) be the first derivative of u**2 + 7. Determine y(z).
2
Suppose 34 = -2*p - r + 2*r, -5*p - 2*r = 94. Let x = -13 - p. Let o(u) = -3*u + 2*u - 3*u**3 + 4*u**3 - 6*u**2 + 7*u - 5. Calculate o(x).
0
Let r(k) = -9*k**2 + 76*k**2 - k**2 - 5 - 68*k**2 + 24*k + 0*k**2. Determine r(15).
-95
Let x be 3 + 13/(-52) + 10/8. Let v be (8/(-6))/((-4)/12). Suppose 22 + 10 = x*p + v*o, 0 = 2*p - o - 10. Let q(c) = 3*c - 7. Determine q(p).
11
Let l(a) = 16*a**2 - 9*a + 37. Let c(o) = -8*o**2 + 5*o - 21. Let g(v) = 7*c(v) + 4*l(v). Let b = 31 - 30. Determine g(b).
8
Let m be 10*(0 - (-2)/(-5)) - -5. Let o(s) = -8 - 4 + 12 - 2*s. Give o(m).
-2
Let y(c) be the first derivative of c**4/4 - 2*c**3/3 - c**2 - 9*c + 1156. Calculate y(4).
15
Let c(y) = -3*y - 3. Suppose 4*v + 14 = 6, -4*b - 1366 = -5*v. Let n = b + 341. Give c(n).
6
Let k(w) = 3*w**3 - 2*w**2 - 4*w. Suppose -126 = 16*h - 12*h + 59*h. What is k(h)?
-24
Suppose -5 = 6*w - 29. Suppose -3*o + 2*b - 10 = -w*o, o = 3*b + 25. Let p(t) = t + 8 + 7 - o + 3. Determine p(4).
6
Let p(z) = -9*z + z**2 + z**3 + 56*z + 1 - 12*z - 5*z - 19*z. What is p(0)?
1
Let p be 3*((-2)/6 + 1). Let d(i) = -59*i**3 - 21*i**2 + 7*i. Let z(w) = 10*w**3 + 3*w**2 - w. Let v(g) = -d(g) - 6*z(g). Give v(p).
2
Let c(n) be the third derivative of -1/8*n**4 - 6*n**2 + 0 + 1/3*n**3 - 1/60*n**5 + 0*n. Let z be (-9)/((-108)/15)*-4. Calculate c(z).
-8
Let a(z) = 16*z**2 - 42*z + 212. Let j(f) = -9*f**2 + 21*f - 114. Let g(d) = 4*a(d) + 7*j(d). Calculate g(16).
-30
Let f(t) = 7*t**2 - 2*t - 12. Let k(u) = 4*u**2 - u - 6. Let r(s) = 3*f(s) - 5*k(s). Let h(g) = g**2 - 2*g - 4. Let c(a) = -2*h(a) + 3*r(a). Calculate c(0).
-10
Suppose 97 - 48 = 8*k - 103. Let o(j) = j**3 - 18*j**2 - 12*j - 100. What is o(k)?
33
Let r(b) = -4*b**2. Let h = 27 - 26. Let u(n) = -8 - h - 2*n + 2 - 7. Let t be u(-8). Calculate r(t).
-16
Suppose -2*i + 24 = 2*x, x + 3*i + 8 = 7*i. Let z(l) = 23*l**2 + 5*l + 30. Let v(o) = -109*o**2 - 25*o - 144. Let b(t) = 4*v(t) + 19*z(t). What is b(x)?
18
Let c(k) = -1. Let v(r) be the first derivative of -2*r**2 - 7*r + 27. Let j(w) = -2*c(w) - v(w). What is j(-3)?
-3
Let h(y) = y**3 + 8*y**2 - 2*y + 5. Let d(o) = -31*o - 1154. Let g be d(-37). Give h(g).
68
Let l(v) = -9*v**3 + 3*v**2 - 3*v - 11. Let k(o) = 5*o**3 - 2*o**2 + 2*o + 6. Let q(z) = -11*k(z) - 6*l(z). Suppose 11*n - 10 = 23. What is q(n)?
-3
Let i(p) = -17*p - 41. Let x(u) = -49*u - 111. Let k(o) = -8*i(o) + 3*x(o). Calculate k(-2).
17
Let a(j) = -2*j**2 - 30*j + 8. Let z(b) = 2*b**2 + 31*b - 9. Let s(h) = -6*a(h) - 7*z(h). Let i be s(-19). Let d(y) = y**3 + 4*y**2 - y - 8. What is d(i)?
-4
Let m be (-14)/((-280)/340) + -29. Let k(v) = v**3 + 12*v**2 - 8*v + 2. Give k(m).
98
Let b(s) be the first derivative of -s**4/4 - s**3 - 2*s**2 - 5599. Let o be -1 - 1/(-2)*2. Let v be -3 + (2 - o) + -2. What is b(v)?
12
Suppose 5*m = w - 32 - 98, -4*w - 5*m + 395 = 0. Let h = 111 - w. Let n(z) = -z + 2. What is n(h)?
-4
Let c(n) = n**3 + 15*n**2 + 25*n + 8. Let q = -4714 - -4701. What is c(q)?
21
Let y(x) be the second derivative of x**5/20 + 5*x**4/12 - 7*x**3/6 + x**2 + 2*x. Let c be (-536)/(-44) + (-14)/924*12 + -18. Give y(c).
8
Let y(h) = -h**2 + 3*h - 2. Let b(c) = -14*c + 128. Let x be ((-9)/(-6))/((-7)/(-42)). Let o be b(x). Determine y(o).
0
Suppose -2 - 58 = 6*d. Let l be (-18)/4 + (-65)/d + -6. Let b(h) be the third derivative of h**4/8 + 5*h**3/6 - 12*h**2. What is b(l)?
-7
Let l = -16 - -21. Let k(a) = -767 - 4*a + 381 + 388. Give k(l).
-18
Let c(o) = 2*o - 5. Let t be -1*(-10)/(-20) + 3/6. Determine c(t).
-5
Let q(t) = 95*t**2 - 16*t - 1. Let w be q(2). Suppose w*c - 356*c = 45. Let m(l) = l + 7. Determine m(c).
2
Let g(c) = 2*c**3 + 3*c**2 - 4*c - 1. Let z = -82 - -91. Suppose -11 = b - 2*h, 0 = b - 0*h + 3*h - z. Calculate g(b).
-16
Let v(a) = -2*a**3 - a**2 + 6*a + 4. Let i be v(-4). Let g = i + -48. Let z(k) = g*k - 3 - 24*k - 29*k. Give z(-2).
15
Let u be -4*-4*6/288*9. Let f(i) be the first derivative of -8 + 0*i**2 + 1/3*i**3 + 0*i. Determine f(u).
9
Let f(x) be the first derivative of -x**3/3 - 17*x**2 - 230*x - 3762. What is f(-24)?
10
Let h(q) be the third derivative of -q**6/120 + 7*q**5/10 + 15*q**4/4 - 85*q**3/6 - 3*q**2 - 3555. Calculate h(44).
3
Let x(b) = 13*b**2 + 111*b + 36. Let h(y) = 15*y**2 + 124*y + 36. Let l(w) = 6*h(w) - 7*x(w). Give l(-32).
-4
Let y be -5 - -4 - (75 - -9)/(-12). Let k(q) = q**2 - 23*q + 99. Determine k(y).
-3
Suppose 0 = 3*t - 3*p - 3, 9 = -33*t + 30*t - 3*p. Let a(y) be the third derivative of -7*y**6/60 - y**5/60 - y**4/24 - y**3/6 - 2*y**2. Give a(t).
13
Let x(z) = 2*z**2 - 4*z - 4. Let n = 48 - 41. Let i(t) = -4*t - 18. Let j be i(n). Let l = -42 - j. Give x(l).
12
Let v(u) = u**3 + 6*u**2 + 3*u + 4. Let i be v(-4). Let c(h) = 24 - i - h**3 + h. Suppose 3*p - 14 = g, -4*p = -3*g - 0*g - 17. What is c(g)?
0
Let u = -6725 + 6728. Let k(p) = -p**3 + 6*p**2 + p + 2. Determine k(u).
32
Let i(v) = -v**2 + 2*v + 1. Let p be 6 - 3/(12/(-8)). Suppose -p*m = -3*m - 30. Suppose 0 = -m*b + 7*b - 3. Calculate i(b).
-2
Suppose 52*b = 48*b + 20, 3*i - 76 = -5*b. Let z(d) be the first derivative of 0*d**3 - 1/4*d**4 + 1/2*d**2 + i + 11*d. Give z(0).
11
Let h(i) = 35*i - 13. Let w(f) = -58*f + 19. Let a(l) = -7*h(l) - 5*w(l). Determine a(1).
41
Suppose 5*a - 4*y + 87 - 75 = 0, 0 = 5*a + 4*y - 12. Let s(n) be the second derivative of -1/20*n**5 + a - 2/3*n**3 - 13*n + 0*n**2 + 1/2*n**4. Determine s(4).
16
Let s(u) = -u**3 + 5*u**2 + 4. Suppose -11*p + 60 = -105. Let t be p/6*(-10 + 12). Give s(t).
4
Suppose 0 = o - 